. Let y be (11140/8)/z*-2. Suppose -m - y = -6*m. Is m composite?
False
Let s(b) = 20*b**2 - 13*b - 50. Is s(-11) a prime number?
False
Suppose 4*u + f - 27 = 0, 2*f + 9 + 9 = 4*u. Is (u/9)/(2/3111) a composite number?
True
Is (-191)/764 - 39322/(-8) a prime number?
False
Suppose -745*t + 732*t + 45058 = 0. Is t composite?
True
Suppose 5*u - o = 536396, -o + 123385 = 2*u - 91172. Is u a prime number?
True
Is (-8 - -2) + (-118)/(-2) composite?
False
Suppose 7*o - o - 451802 = -5*f, f - 90352 = 3*o. Is f composite?
True
Suppose -27*m + 4374 = -24273. Is m a composite number?
False
Suppose -37*x = 34*x - 7117537. Is x composite?
True
Let j(u) = u**3 + u + 5. Let v be j(0). Suppose 20 = 2*d + 2*m + 6, -d - 18 = -4*m. Suppose -v*x + 437 = d*k, 3*x - 376 = -x + 5*k. Is x a prime number?
True
Let h be (-4)/(-4) + -3 + 0. Let m be 2 - (3 + h)*-167. Suppose 0 = 4*q - 5*y - m, 101 = -q + 3*q + 3*y. Is q a prime number?
False
Suppose -7*f - 14193 = -4*b - 2*f, b + 4*f = 3543. Is b prime?
True
Let g = -616 - -969. Suppose -t - o - 127 = -0*o, 2*t - 2*o + 250 = 0. Let n = g - t. Is n prime?
True
Suppose 4*x - 4 = -5*i, 0*x = -4*i + x + 20. Suppose -648 = -i*y + 76. Let f = y - 92. Is f a prime number?
True
Suppose 0 - 18 = -3*h. Let u be (-32)/(-6)*81/h. Suppose -u - 7 = -p. Is p a prime number?
True
Let y(p) = -4*p - 37. Let b be y(-11). Suppose 8*x - 149 = b*x. Is x composite?
False
Let s(u) = 4*u**2 + u. Let g be s(-1). Let r be 144/g - (-4)/(-4). Suppose -r = -2*a + 31. Is a prime?
False
Suppose 45 - 12 = 11*g. Suppose -6*x = -g*x - 1893. Is x composite?
False
Let o(j) = -11*j**2 - j. Let k be o(-1). Let g be 2/(-6) - 22/(-3). Is (413/(-2))/g*k a prime number?
False
Suppose -5*d - 28 + 3 = 0. Let b(o) = -190*o + 5. Is b(d) a prime number?
False
Let v(d) = -3*d + 4. Let r be v(-10). Suppose -r*c + 7012 = -30*c. Is c a prime number?
True
Let y(k) = -4*k + 46. Let n be y(19). Is (84/n - -4)/((-4)/(-830)) prime?
False
Suppose 2*c - 7*c = -31100. Suppose -c = -4*t + 616. Is t composite?
False
Let a be 16/40 + (-56)/(-10). Let o = -8 + a. Let m(p) = -59*p + 1. Is m(o) a composite number?
True
Let x = 2 + -1. Let o(c) = 97*c**2 - c + 1. Is o(x) prime?
True
Let b be (-12 - (3 + 1)) + -1. Is (-19 - b)/((-4)/158) a composite number?
False
Let r(q) = -7*q**3 + 2*q + 1. Let y be r(-1). Suppose 0 = -y*a + 8887 + 2951. Is a a prime number?
True
Suppose 0 = 5*g + 3*l - 150080, 2*l - 120096 = -4*g + 6*l. Is g composite?
True
Let h(w) = -14*w - 17. Let u(v) = -57*v - 69. Let s(y) = -9*h(y) + 2*u(y). Is s(6) a prime number?
False
Is (-7214*(-8)/48)/(1/3) composite?
False
Suppose -49*u = -42*u - 270151. Is u prime?
True
Suppose 5*o = 2*s - 29058, -10*s - 5*o = -6*s - 58056. Is s composite?
False
Let g(a) be the second derivative of a**5/15 + a**4/4 + 2*a**3/3 + 11*a**2/2 + 6*a. Let y(j) be the first derivative of g(j). Is y(-7) a composite number?
True
Suppose 10602 = -5*v - 3*b, -14 = v + 5*b + 2124. Let u = v - -3769. Is u a composite number?
True
Suppose -4*s - 3*t = s + 8, 4*s = -5*t + 4. Is 449 - ((-3 - -7) + s) prime?
True
Let n(k) = 18*k**2 - 22*k + 106. Is n(5) a composite number?
True
Let f = -11 + 13. Let d(u) = -6*u**2 - u**3 + 3 - 4 + 9*u**2 - 7*u**f + 7*u. Is d(-7) composite?
False
Let k(n) be the first derivative of 7*n**3 + 3*n**2/2 - 2*n - 8. Is k(-3) composite?
True
Is (-6 - -15)/(-9) + 25512 a prime number?
False
Let g = 24688 + -2637. Is g prime?
True
Let h be ((-2)/(-3))/((-6)/(-48393)). Let v = h - 3771. Let t = -951 + v. Is t a composite number?
True
Suppose 0 = 18*x - 25398 - 386748. Is x composite?
True
Suppose -v + 3*d + 1 = 5*d, -3*d + 2 = 2*v. Let x be -3 - (-2)/(0 + v). Is 0 - x/((-3)/(-1059)) a composite number?
False
Let g(x) = -x + 7. Let i = -1 - -7. Let z be g(i). Is z/(2 + -1)*437 a composite number?
True
Let v(d) = d**2 - d - 8. Let t be v(8). Let h = t - 23. Suppose -2*r - h = -183. Is r a composite number?
False
Suppose 8*j - 33193 = 48719. Is j a prime number?
False
Let o = 112874 - 61811. Is o composite?
True
Let t be (-1)/(-1 - 8/(-10)). Suppose -t*s + 16 + 12 = f, 0 = 2*f - 4*s + 14. Suppose 74 + 463 = f*q. Is q a composite number?
False
Suppose 0 = -109*i + 96*i + 46267. Is i a prime number?
True
Suppose 8*n - 96591 = -3*n. Let q = n + -5122. Is q composite?
False
Let b(h) = -10*h**3 - 4*h**2 - 16*h + 13. Let q(p) = p**3 + p - 1. Let g(v) = -b(v) - 6*q(v). Is g(6) composite?
False
Let k be 5/5*2347 - -1. Let c = k - 730. Is c prime?
False
Let a be (-3)/2*192/(-36). Suppose 0 = -12*l + a*l + 104. Suppose -23 = -q + l. Is q composite?
True
Is (-45)/75 + 303924/15 composite?
False
Let o(d) = 68*d**2 - 11*d + 53. Is o(-8) composite?
False
Suppose -h + 3*t - 3 = -1, 2 = t. Suppose 5*u + 4*r - 9*r = 15225, r = -h. Is u prime?
True
Suppose -43 = -4*t + 5*p, p = -2*t + 5 + 6. Is (-28)/t + (-1 - -1644) prime?
False
Let z(o) = -o**3 - o**2 - 2*o - 5. Suppose -5 + 26 = -3*w + 3*m, 0 = -5*w - m - 29. Is z(w) prime?
False
Suppose 2*g + 5081 = 3*h, 3*g + 556 = -2*h + 3939. Is h prime?
True
Is -1 - (14485/(-6) + (-6)/(-36)) composite?
True
Suppose 0 = -2*f + 7*f - 3*p - 77766, 2*f - 4*p - 31098 = 0. Let i = f - 10798. Is i a prime number?
False
Let b(j) = -j**2 - 5*j + 8. Let i be b(-6). Suppose 0 = -i*h, 4*y + 4*h - 304 = 2*h. Suppose -10*o + y = -6*o. Is o composite?
False
Let q(p) = -4*p**3 + 20*p**2 + 50*p - 31. Is q(-15) composite?
True
Let j(o) be the first derivative of 7*o**2/2 + 3. Let r be j(7). Let s = 242 + r. Is s a prime number?
False
Let h = 916 - 193. Let f = -104 + h. Is f a composite number?
False
Let w = 30 - 11. Suppose 2*v + 2*d = 3*v + w, 2*v - d = -41. Is 254*(-3 - v/6) a composite number?
False
Suppose 546 = -2*r + 4*r - 4*k, -k + 1409 = 5*r. Let v = 1164 - r. Is v a composite number?
False
Suppose -4*t + 52921 = d, -3*d = 16*t - 19*t + 39672. Is t composite?
False
Suppose -27 = -4*q - n - 3, 0 = 3*q + 4*n - 18. Suppose -q*x = -10*x + 388. Suppose -4*c - 2*s + 17 = -113, -x = -3*c - 2*s. Is c a composite number?
True
Let f(k) = -2 - 4 - 2 + 2*k**2 + 11*k. Is f(-10) a prime number?
False
Is 1 + (-20252)/(-6) + (-4)/(-6) a prime number?
False
Let h(f) = 3*f**3 - 2*f**2 - 2*f + 4. Suppose 0 = 9*r - 10*r + 5. Is h(r) composite?
True
Suppose -s = -0*s - 3*c - 18, 0 = -2*s + 3*c + 24. Let l be (-140)/21 + 7 - (-740)/3. Suppose -l = -s*h - 25. Is h a composite number?
False
Let c be -3 + 3 + (88*8 - 1). Let j = 1572 - c. Is j a prime number?
False
Suppose 0 = 11*r + 10*r - 8799. Is r prime?
True
Let w = 3432 + 7339. Is w a composite number?
False
Let n(g) = -2*g**3 - 4*g**2 - 39*g - 5. Is n(-14) a prime number?
False
Suppose -28397 + 474072 = 25*w. Is w composite?
False
Suppose -t + 168 = 5*t. Is 2863/t*(1 + 3) prime?
True
Let y = 33 - 24. Let w = y + 152. Is w composite?
True
Suppose 2*k + 10 = -5*c + 5, -5*k + 40 = -5*c. Is -1349*(-1 + 0) + 12/c composite?
True
Let c(y) = -y**3 + 2*y**2 + 5*y - 4. Let k be c(3). Suppose -3*s = -5*i - 0*i + 1330, -4*i - k*s = -1086. Is i a composite number?
False
Let o be 3/6*-2*14. Let f be 332/o - 6/21. Let n = 34 + f. Is n a prime number?
False
Let p be (-1*(1 - 1))/((-1)/(-1)). Suppose p = 5*m - 3*m - 1414. Is m composite?
True
Suppose -13*i - 7 = -14*i. Let g = i - 6. Let x(v) = 29*v - 3. Is x(g) a prime number?
False
Suppose -1215 = 6*m - 2*m - 5*f, 2*m + 3*f = -591. Is (-4 - m/8)*2 a prime number?
True
Let j(x) = 5*x**2 + 15*x - 13. Suppose -3*v - 27 = 2*h, -3*v = 5*h + 76 - 31. Is j(h) prime?
False
Let h(k) = -k**2 + 15*k - 1. Let q be ((-2)/(-4))/(6/12). Let d = 9 + q. Is h(d) composite?
True
Let k = -33 - -36. Suppose 446 = -l + k*l. Is l prime?
True
Suppose -2*h - 91 + 761 = b, -b = -4*h + 1340. Suppose -3*o = o - 16. Suppose -o*l - l + h = 0. Is l composite?
False
Let d(v) = -v**2 + 1385. Let y be 0 + (2/4*0)/1. Is d(y) composite?
True
Let m = -797 + 1704. Is m composite?
False
Let a(v) = v**3 + 10*v**2 + 9*v + 3. Suppose 7*b + 36 = 3*b. Let x be a(b). Suppose -g + 436 = x*g. Is g prime?
True
Let a be (-2)/(-1) - (-2 - (2 - 0)). Suppose -a*v + 3*v + 867 = 0. Is v a prime number?
False
Let g = -48 - -42. Is (21/(-2) + 1)/(3/g) composite?
False
Let j(b) = -104*b + 45. Let r be (1 - 14)/((2 - 3)/(-1)). Is j(r) composite?
True
Is 2 + -8 + 4 + 11729 + -4 composite?
True
Is -496*(-6